 digit of y?
4
Suppose -6*w = -8*w. Suppose k - 3*b - 25 = 3*k, k + b + 14 = w. Let h = -9 - k. What is the units digit of h?
8
Let i be (-13)/(1 + (-4)/2). Let v = -9 + i. What is the units digit of v?
4
Suppose -b = -4*b + 69. What is the tens digit of b?
2
Let z = -89 + -11. Let f = -64 - z. What is the units digit of f?
6
Suppose 18 = -4*a + a. Let t(j) = -j**2 - 4*j + 7. Let r be t(a). What is the units digit of (1 - 2)*1 - r?
4
Let r be (-8 - 8/(-4)) + 2. Let q(x) = x + 9. What is the units digit of q(r)?
5
Let u(c) = c**3 + c**2 + 16. Let r be u(0). What is the tens digit of 42/(2/r*6)?
5
Let x(u) = u**2. Let y be 16/(-24)*(-6)/2. What is the units digit of x(y)?
4
Let v = 9 + 2. Suppose 5*j + 0*h = -3*h + v, 0 = j - h - 7. Suppose -j*d = d - 5. What is the units digit of d?
1
Let v(s) = -s**3 + 6*s**2 - 5*s + 7. Let o be v(5). Suppose -87 = 4*n - o*n. What is the tens digit of n?
2
Let t(w) = -4*w**2 - w. Let d be t(1). Let o(r) = -r**3 - 3*r**2 + 4*r - 6. What is the units digit of o(d)?
4
Let d(x) = 3*x**2 + 4*x + 8. What is the units digit of d(7)?
3
Let l = -5 - -4. Let i(q) = -q + 1. Let y be i(4). Let k = l - y. What is the units digit of k?
2
Let v(q) = -11*q**2 + 4*q - 2. Let p(g) = g - 1. Let z(m) = 2*p(m) - v(m). What is the tens digit of z(2)?
4
Suppose 3*f - 22 = -y, 2*f + 54 = y + 7. What is the tens digit of y?
3
Suppose -2*l + l + 3 = 0. Suppose 5*g - 25 = -d, l*g = 2*d - 3 - 112. What is the tens digit of d?
5
Let v(f) = 3*f - 5*f + 25 - 10 + 4*f. What is the tens digit of v(0)?
1
Let w(z) = -4*z + 2. Let k(i) = -5*i + 3. Let m(h) = 2*k(h) - 3*w(h). Let j be m(2). Suppose -10 = c - 3*c, 5*d + j*c = 25. What is the units digit of d?
1
Suppose 0 = 4*u + 5*v + 88, 12 = v + 2*v. Let p = u - -45. Suppose 2*k + k - p = 0. What is the units digit of k?
6
Let c be ((-1)/(-2))/(5/480). Suppose c = t + 2*t. What is the units digit of t?
6
Suppose 3*f = -z + 245, -4*f - z + 55 = -271. What is the tens digit of f?
8
Let t(r) = 1 + 8*r - 8*r + r**2. Let l be t(1). Suppose -l*p + 5 = -p. What is the units digit of p?
5
What is the units digit of -10 + 13 + 20*5?
3
Let o = -42 + 59. Suppose -u + o = x, 0 = -x + 5*x - 3*u - 54. What is the units digit of x?
5
Let h = -41 - -93. What is the tens digit of h?
5
Let u(x) = x**2 + x + 14. What is the tens digit of u(-7)?
5
Suppose -18 - 58 = -4*q. What is the units digit of q?
9
Let g(b) = b**3 - 4*b**2 + 4. Let h be g(4). Suppose h*z - 4*d = 8 - 0, 4*d = 20. Suppose -2*t + 28 = 4*a, -a + 3*t - 5*t = -z. What is the units digit of a?
7
Let a(k) = -6*k**2 + 9*k + 1. Let c(v) = 5*v**2 - 8*v. Let j(t) = 4*a(t) + 5*c(t). Let n be j(3). What is the units digit of n*(-10)/(-2) - -2?
7
Suppose -3*b = 4*s - 36, 2*s = 3*b + 9 - 27. Suppose -i = -3*i + b. Suppose -i*q = 4 - 20. What is the units digit of q?
4
Let w(b) = 2*b**2 - 13*b + 15. Let o be w(10). Suppose 2*r - 7*r = -o. What is the tens digit of r?
1
Suppose -5*r = 2*y - 5, 3 = 4*r + 5*y + 16. Let i(h) = -r + h + h + 1 - 5. What is the units digit of i(5)?
3
Let h(j) = 12*j**2. Let c be h(-1). Let k = c + 11. What is the units digit of k?
3
Let c be ((-27)/12)/((-6)/32). Let k = -2 + -3. Let m = k + c. What is the units digit of m?
7
Let d(a) = 3*a**2 - a + 1. Let s be d(1). Let j = -1 + s. What is the units digit of j?
2
Suppose 3*v - 5*t = 78, -4*v + 104 = -3*t - t. Suppose i = -h - 2*i + v, i = 5. What is the tens digit of h?
1
Suppose -4*i + 4*d = 20, -i + 2*i + 25 = 5*d. Suppose i = -3*z - m + 35, z + 5 = 4*z - 5*m. What is the tens digit of z?
1
Let u = -7 + 9. Suppose 14 = 3*g + u. What is the units digit of g?
4
Let p = 8 - 5. Suppose -p*a - 2*q + 39 = 0, 25 = a + a + q. What is the units digit of a?
1
Let o(p) = -2*p - 4. Let f be o(4). What is the units digit of (2/(-3))/(f/126)?
7
Suppose j + 0*g = 5*g + 306, 2*g - 564 = -2*j. What is the hundreds digit of j?
2
Let p(c) = c**3 - 9*c**2 + 16*c. What is the tens digit of p(7)?
1
Let o = 214 - 66. Suppose o = 4*x - 0*x. What is the tens digit of x?
3
Let w(a) = 10*a - 20. What is the hundreds digit of w(18)?
1
Let j(b) = 5*b**2 + 13*b - 2. What is the tens digit of j(-8)?
1
Suppose -16*z + 1375 = -11*z. What is the units digit of z?
5
Suppose 3*h = 2*h + 44. What is the units digit of h?
4
Let d = 4 - -2. Let r(s) = -s**2 + 8*s + 3. Let u be r(d). Suppose -6*n + 3*n + u = 0. What is the units digit of n?
5
Let l(g) = 8 - g - 12 - 10. Let t be l(-7). What is the units digit of (3 - -1)/2 - t?
9
Suppose 2*f - 12 = -0*f. Suppose s - f*s = -5. What is the units digit of 22/4 - s/2?
5
Let d be ((-14)/21)/(2/15). Let z = 14 + d. What is the units digit of z?
9
Suppose 4*f - f - 9 = 0, 5*f = -2*b + 29. Suppose 126 = -j + b*j. What is the tens digit of j?
2
Let l(m) = -m**2 + 9. What is the units digit of l(0)?
9
Suppose -4*v + 2*c + 43 = -c, 0 = 3*c + 15. Let m = -5 + v. Suppose 3*t = -b - 5, -3*b + 5*t = -m*b - 19. What is the units digit of b?
4
Let w = 37 - 66. Let j = 67 + w. What is the tens digit of j?
3
Let z be 1/(-2*(-3)/24). Let y = -4 + z. Let u = y - -1. What is the units digit of u?
1
Suppose -2*f + 39 = -25. What is the tens digit of f?
3
Let s = 3 - -2. What is the tens digit of (-140)/25*s/(-2)?
1
Let l(r) = 2 - r - r**2 - 4 + 4 + 3. What is the units digit of l(0)?
5
Let p(b) = -b**2 + 8. Let c be p(0). Suppose -3*l = -l + c. Let h = l - -7. What is the units digit of h?
3
Let d = 20 - 39. What is the units digit of (d/2)/(4/(-8))?
9
Let a(w) = -3*w - 1. Let u be (1 - 3)*7/2. What is the units digit of a(u)?
0
Suppose -m = 4*u - 28 - 15, 27 = u - 3*m. Let b = 4 + u. Let c = -10 + b. What is the units digit of c?
6
Suppose -4*h + 8 + 4 = 0. Let u(a) = 3*a**2 - 3*a. What is the tens digit of u(h)?
1
Let g(v) = 14*v**2 - 1. What is the units digit of g(-2)?
5
Let v(g) = g + 3. What is the units digit of v(7)?
0
Suppose -84 = 9*m - 12*m. What is the tens digit of (m/(-3))/((-6)/18)?
2
Let v(p) = -11*p - 35. What is the hundreds digit of v(-15)?
1
Let l(p) = -3*p**2 - 12*p - 6. Let q(d) = d**2 + d + 1. Let m(o) = l(o) + 5*q(o). Let t be m(5). Suppose -s - s = -t. What is the units digit of s?
7
Let i(u) = -33*u - 1. Let k = 1 + -2. Let r be i(k). Let v = r - 23. What is the units digit of v?
9
Let u = 4 - 5. Let l = u - -5. What is the units digit of l?
4
Let q = -6 - -8. Let w(y) = -3*y - 2*y + q*y + 6*y. What is the units digit of w(1)?
3
Let u(v) = -5 + v**3 - 2*v**3 - 7*v**2 - 8*v + 1 - 5. What is the units digit of u(-6)?
3
Let g(w) = w**2 + 4*w + 4. Let c(i) = -i**3 - 9*i**2 - 6*i + 11. Let l be c(-8). What is the units digit of g(l)?
9
Suppose -2*j = 2*g - 64, -2*j - 5*g + 78 = 11. Let b = j + -8. What is the tens digit of b?
2
Let t be (-25)/(-15) + (-4)/6. Let d be 1/1 + 29 - t. Suppose 3*h - 4*v + 14 = -0*v, d = 2*h + 5*v. What is the units digit of h?
2
Let y = -18 - -87. What is the units digit of y?
9
Let v = -25 + 34. What is the units digit of v?
9
Let p(a) = 3*a**3 - 17*a**2 - 5. What is the units digit of p(7)?
1
Let f be 4*3/6 - -1. Let d(w) = -1 + f*w + 5*w + 0*w. What is the units digit of d(1)?
7
Let w = 12 + -9. What is the units digit of w?
3
Let n(i) = -96*i - 3. What is the units digit of n(-3)?
5
What is the units digit of ((-48)/(-16))/(-1*6/(-86))?
3
Let u = -6 + 10. What is the units digit of u/22 - 652/(-44)?
5
Let j(q) = 49*q - 4. What is the tens digit of j(1)?
4
Let x be 2/(-6) + 100/(-6). Let o = x + 29. What is the units digit of o?
2
Let l(j) = -j**2 - 3*j - j**2 + 3*j**2. Let t be l(4). What is the units digit of (12/(-2))/((-6)/t)?
4
Suppose -3*r + 5*r - 5*h - 20 = 0, -4 = 2*h. Suppose -34 = -r*s + 3*s. Let w = s - 6. What is the units digit of w?
1
Let w = 121 + -67. What is the tens digit of w?
5
What is the units digit of ((-6)/(-4))/((-17)/(-238))?
1
Let m be ((-477)/45)/((-1)/5). Let l = m - 36. What is the tens digit of l?
1
Suppose 49 = 4*p - 43. Let w = p - 14. Let k(n) = 2*n - 4. What is the units digit of k(w)?
4
Suppose -4*t - 50 = -10. Let y = t + 20. What is the units digit of y?
0
Suppose -k = 2*k - 12. Suppose 3 = -k*i + 83. Suppose n = -4*n - 2*g + 35, -g - i = -5*n. What is the units digit of n?
5
Let g(x) = -2*x**2 + 5*x + 1. Let q(k) = -k**2 + 2*k + 1. Let v(o) = -2*g(o) + 5*q(o). What is the units digit of v(0)?
3
Le